 o(u) = 33*u**2. What is the units digit of o(2)?
2
Suppose -5*s + 5*r = -15, -4*r - r + 49 = 3*s. Let m = 16 - s. What is the units digit of m?
8
Suppose -2*i + 10 = -0, i - 109 = -2*d. Suppose t + t - 4*q = d, q = -3*t + 57. What is the units digit of t?
0
Let h be 2/(((-4)/6)/(-1)). Let v(i) = i - 1. Let u be v(h). What is the units digit of (-8)/((3 - u)*-1)?
8
Let c(m) be the third derivative of -m**6/120 + m**5/15 - m**4/12 + m**3/2 - 4*m**2. Let p be 4*(1 + 0) - 2. What is the units digit of c(p)?
7
Let s(l) = -4*l. Let g be s(1). Let x(m) = m**3 + 8*m**2 + 5*m + 5. What is the tens digit of x(g)?
4
Let u = -67 + 19. Let a = -27 - u. What is the tens digit of a?
2
Let s(v) = 3*v - 2. Let f = 11 + -8. Suppose -5 = 2*x + f*r, x + r - 4*r = 11. What is the units digit of s(x)?
4
What is the hundreds digit of 204 + -2 - (2 - 2)?
2
Suppose 5*g = g - 3*w + 331, -2*g - 2*w = -164. What is the tens digit of g?
8
Let s(y) = -y**3 - 5*y**2 + 6*y + 4. Suppose 0 = 2*d - 3*d + 3. Suppose 2*l + 4 = -x, -4*x + d*l = l + 26. What is the units digit of s(x)?
4
Suppose 4*z + 315 = 3*y, 2*z - 3 = z. What is the units digit of y?
9
Suppose 1 = -4*y + 17. Suppose -k + 23 - 3 = -y*j, 5*k - 151 = 3*j. What is the tens digit of k?
3
Let w be 5/(-3)*(-1 + 4). Suppose 2*k = -1 + 19. Let o = w + k. What is the units digit of o?
4
Let u = -9 + 14. What is the units digit of ((-12)/(-14))/(u/35)?
6
What is the tens digit of -3*(2 - (-23)/(-3))?
1
Suppose 9 = 3*o, -r - 5*o + 84 = -0*r. What is the tens digit of r?
6
Let u(q) = 2*q**3 + 2*q**2 - 5*q - 1. What is the units digit of u(3)?
6
Let y(x) = -x**2 + 2*x + 5. Let b be y(4). Let m(q) = -q**2 - 3*q - 3. Let l be m(b). Let n = l - -7. What is the units digit of n?
4
Let z = -12 - -64. What is the tens digit of z?
5
Suppose -2*c - 15 - 75 = 0. What is the units digit of (0 - c) + (-2)/1?
3
Let o = 14 + -10. Suppose -43 = -o*k + 2*x - x, -12 = 4*x. What is the tens digit of k?
1
Let m = -3 + 3. Suppose 5*s + 5*c - 40 = m, -s + 5*c + 44 = s. Suppose t - 2*u = 10, 4*t + u - 19 = s. What is the units digit of t?
8
Let a be (-16)/12*3/(-1). Suppose x - a*x = -21. What is the units digit of x?
7
Let c be (-5)/(-2)*16/20. Suppose c = 4*j - 2. What is the units digit of 1 + j + 6 + -1?
7
Suppose 0 = 2*y + 3*y - 10. Suppose -5*u = -4*u - 4, 0 = y*t - u + 10. Let v = t + 12. What is the units digit of v?
9
Suppose -85 = -j - 4*c, 90 = j - 2*c + c. What is the units digit of j?
9
Suppose -2*m = 3*k + 4, -3*m + k + 7 = -k. Let v be 1/(m/(-7)) - -2. Let a(l) = -l - 3. What is the units digit of a(v)?
2
Suppose 3*p - 4*p - 4*j + 81 = 0, -4*j = -5*p + 357. What is the units digit of p?
3
Let h(d) be the second derivative of -d**5/20 + 5*d**4/12 + d**3/6 - 2*d. What is the units digit of h(5)?
5
Let y = 102 + -22. What is the units digit of y?
0
Let f = 65 + -26. Suppose -b + f = -0*b. Suppose 0 = 2*x - 2*u - 14, -4*x + b = 4*u + 11. What is the units digit of x?
7
Let f be (-1)/((-1)/(-2)) + 0. What is the units digit of (-36)/(-10) + f/(-5)?
4
Suppose -5*a - 53 = -4*t - 4*a, 23 = 2*t + 3*a. What is the tens digit of t?
1
Let t = 60 + -3. What is the units digit of t?
7
Let w = 20 - 12. Suppose -3*z = -32 + w. What is the units digit of z?
8
Let h = 38 + -1. What is the tens digit of h?
3
Suppose 0 = -2*q + 6*q. Let m be (-4)/8 - (-10)/4. Suppose m*z + q*z - 4*s = 16, 5*s - 46 = -3*z. What is the units digit of z?
2
Let h(l) = 3*l**2 - 3*l + 5. Let t be h(-5). Suppose 4*i = t + 77. What is the tens digit of i?
4
Suppose 4 = -f + 2. What is the tens digit of (20/(-30))/(f/57)?
1
Let d = 9 - 14. What is the units digit of 112/35*d/(-2)?
8
Suppose 5 = -7*c + 2*c. What is the units digit of (-1)/c + 0 - -3?
4
Let b(o) = o**3 - 7*o**2 - 7*o + 2. What is the units digit of b(8)?
0
Suppose -4*z + 7*z = 21. What is the units digit of (0 - 4) + 0 + z?
3
Suppose 8 = p + p. Suppose 5 = -3*c + c - f, 2*c = p*f. What is the units digit of 1 + (2/(-2) - c)?
2
What is the tens digit of 1/(-3) - 343/(-21)?
1
Let p = 32 + -18. What is the units digit of p?
4
What is the tens digit of (1 + (-38)/6)*-6 + -2?
3
Let z be (-2)/(-8) - (-61)/(-4). Let f = z + 36. What is the units digit of (-8)/12*f/(-2)?
7
Let w(c) = 2*c**2 - 4*c - 3. Suppose 1 = 4*j - 11. Suppose 3*m + j*n = 0, 5*m + n = -0*n + 16. What is the tens digit of w(m)?
1
Let d = 53 - 12. What is the tens digit of d?
4
Suppose 0 = 3*k - 109 - 92. What is the units digit of k?
7
Let c be (2/6)/(2/12). Suppose 0*t = c*t - 14. What is the units digit of t?
7
Let a = 8 + -4. Suppose -a*m + 22 = 6. What is the units digit of m?
4
Let u be -1 + (-4)/(-4)*3. Suppose -s + z = -4*s + 85, 5*z + 51 = u*s. What is the units digit of s?
8
Let y(m) = 4*m - m**2 + 4 + 2*m - 4*m. Let t be y(3). What is the units digit of (3/6)/(t/6)?
3
Let c(u) = u**2 + 5*u + 1. Let t be c(-6). Suppose 31 + 5 = 2*v + g, -3*g = 4*v - 76. Let r = v - t. What is the units digit of r?
9
Suppose 3*g = -23 - 1. Let t(b) = b**2 + 4*b - 7. What is the tens digit of t(g)?
2
Suppose -3*u + 28 = -2*j, -j + 24 - 5 = 4*u. Let w(k) = k**3 - 5*k**2 - 4*k + 6. Let r be w(u). Suppose 2*f = r - 4. What is the units digit of f?
7
Suppose h + 3*h - 112 = 0. Suppose 0 = 3*u + 4*c - 40, 0 = -2*u - 0*u - 2*c + h. What is the tens digit of u?
1
Let d be (-15)/(-2) - (-7)/14. What is the units digit of (-52)/(4 - d) + 0?
3
Suppose -m + 5*h = 10, 29 = -8*m + 3*m + 4*h. Let s(o) = -2*o + 1. Let w be s(m). Suppose 12 = -2*p + 4*z, 2*p = -3*z + 5 + w. What is the units digit of p?
2
Let h(s) = 99*s**2 + 3*s + 3. What is the tens digit of h(-1)?
9
Let j(d) = -d**3 - 7*d**2 - 5*d + 5. What is the hundreds digit of j(-8)?
1
Suppose 5*s + 51 = 3*u, -5*u - 3*s = -s - 54. Suppose 0 = 2*r - 2*j - j, 3*r + j = -11. What is the units digit of (r - -4 - u)*-1?
1
Suppose 3*t + 2*j = -2*j + 59, 4*t - 92 = -2*j. What is the units digit of t?
5
Let s(k) = k**3 - 20*k**2 + 21*k - 15. What is the units digit of s(19)?
3
Suppose -9 = -3*n, -2*m - 5*n - 250 = -7*m. What is the tens digit of m?
5
Let f(x) = 2*x - 3. Let r be f(3). Suppose 2*h = r - 11. What is the units digit of 1/(-2) + (-26)/h?
6
Let j(t) = t**3 + 4*t**2 - t + 1. Let u be j(-4). Suppose g + 12 = c - 0*g, -u*c + 2*g = -72. What is the tens digit of c?
1
Let f(l) be the first derivative of l**4/4 - 2*l**3 - 2*l**2 + 3*l + 6. What is the units digit of f(7)?
4
Suppose 100 = -65*d + 70*d. What is the tens digit of d?
2
Suppose -4*b + 182 = 2*d, 2*d + 2*d = 4*b - 212. What is the units digit of 5/(-2)*b/(-15)?
8
Suppose 2*m = w - 5*w + 40, 5*w = 25. Suppose -2*s + m - 2 = -t, 4*t - 2*s = -14. What is the units digit of t/(-4) + (-18)/(-4)?
5
Let x(n) = -2*n**3 + n**2 - n. Let z be x(1). Let o = 12 + -5. What is the tens digit of (-72)/(-7) + z/o?
1
Suppose -4*q - 13 = 7. Let s(u) = -u**3 - 6*u**2 - 8*u - 4. What is the units digit of s(q)?
1
What is the units digit of (-704)/(-14) - 4/14?
0
Let z(a) = 13*a - 2. Let u be z(2). Suppose 0 = 5*r - u - 96. Suppose -3*h - r = -2*c - 3, -3*h = 5*c. What is the units digit of c?
3
Let o be 3/12 + 21/(-4). Let k(j) = j**3 + 5*j**2 + 3*j + 7. Let y be k(o). What is the units digit of 4/y + (-11)/(-2)?
5
Let h = -61 - -102. What is the tens digit of h?
4
Suppose -2*v + 7 = -7. Suppose -3*h = -4*f, 5*f = -0*h + 2*h + v. What is the units digit of h?
4
Let k(s) = -s**3 + 4*s**2 + 2*s + 2. Let b be k(5). Let f = 4 - b. What is the units digit of f?
7
Let q(m) = m**3 + 10*m**2 - 7*m - 21. What is the units digit of q(-10)?
9
Let j(i) be the third derivative of -i**4/24 + i**3/3 + 2*i**2. Let b be j(4). What is the units digit of -1*(1 - b)*-1?
3
Suppose 128*l = 133*l - 970. What is the hundreds digit of l?
1
Let h = -25 - -21. What is the units digit of ((-1)/h)/(5/60)?
3
What is the units digit of (-1)/((-381)/126 - -3)?
2
What is the hundreds digit of (-4 + -9)/((-1)/10)?
1
Suppose -19 = -h + 4*l, -119 = -4*h + 3*l - 4. What is the units digit of h?
1
Let p(u) = 1 + 0 + 0 - 3*u + 5*u**2. Let i(k) = -k**3 + 7*k**2 - 10*k + 2. Let t be i(5). What is the tens digit of p(t)?
1
Let k(w) be the first derivative of -2*w**2 - 12*w + 4. What is the units digit of k(-7)?
6
Let n = -219 + 390. What is the hundreds digit of n?
1
Let q = -24 - -43. What is the units digit of q